e the greatest common factor of 3531 and 99.
33
What is the highest common factor of 72 and 338?
2
Calculate the greatest common divisor of 11395 and 129.
43
What is the greatest common divisor of 42 and 294?
42
What is the highest common factor of 936 and 1368?
72
Calculate the highest common factor of 57 and 81.
3
Calculate the greatest common factor of 41 and 4961.
41
Calculate the greatest common factor of 27 and 1.
1
Calculate the greatest common factor of 12048 and 48.
48
What is the greatest common factor of 14 and 658?
14
What is the highest common factor of 930 and 96?
6
Calculate the highest common factor of 1067 and 88.
11
Calculate the greatest common divisor of 18 and 156.
6
What is the greatest common divisor of 42 and 4046?
14
Calculate the highest common divisor of 30 and 84.
6
What is the highest common factor of 528 and 48?
48
Calculate the greatest common divisor of 18 and 192.
6
Calculate the greatest common factor of 223 and 2.
1
Calculate the greatest common divisor of 68 and 952.
68
Calculate the greatest common factor of 124 and 899.
31
What is the highest common factor of 1679 and 92?
23
What is the highest common divisor of 224 and 1008?
112
What is the greatest common divisor of 216 and 120?
24
What is the highest common divisor of 50 and 800?
50
Calculate the highest common factor of 1008 and 2632.
56
Calculate the highest common divisor of 106 and 157834.
106
What is the highest common divisor of 52 and 403?
13
Calculate the highest common divisor of 2124 and 590.
118
Calculate the highest common factor of 23 and 368.
23
Calculate the highest common factor of 315 and 651.
21
What is the highest common divisor of 282 and 8601?
141
What is the greatest common factor of 1099 and 2983?
157
What is the greatest common divisor of 20 and 92?
4
What is the greatest common factor of 44 and 11759?
11
What is the highest common factor of 4 and 212?
4
Calculate the greatest common divisor of 136 and 11475.
17
Calculate the highest common factor of 5885 and 11.
11
Calculate the highest common factor of 92 and 13892.
92
What is the highest common divisor of 81 and 111213?
81
Calculate the highest common factor of 32 and 592.
16
Calculate the highest common divisor of 120 and 8250.
30
What is the highest common factor of 1292 and 476?
68
What is the highest common divisor of 74 and 2?
2
Calculate the greatest common factor of 25884 and 36.
36
Calculate the greatest common factor of 8376 and 8.
8
Calculate the highest common divisor of 288 and 162.
18
Calculate the greatest common divisor of 60 and 90.
30
Calculate the highest common divisor of 3008 and 94.
94
Calculate the highest common divisor of 3006 and 36.
18
Calculate the greatest common divisor of 42 and 15610.
14
What is the highest common divisor of 6 and 1250?
2
Calculate the greatest common divisor of 24582 and 306.
102
Calculate the highest common factor of 7 and 91.
7
What is the highest common divisor of 1131 and 195?
39
What is the highest common factor of 14 and 3682?
14
Calculate the greatest common divisor of 56 and 70.
14
Calculate the highest common divisor of 880 and 22176.
176
Calculate the greatest common factor of 7003 and 447.
149
What is the greatest common divisor of 45 and 720?
45
What is the highest common factor of 24 and 264?
24
What is the greatest common factor of 520 and 10504?
104
Calculate the greatest common factor of 3010 and 168.
14
What is the highest common divisor of 496 and 176?
16
Calculate the highest common factor of 913 and 77.
11
What is the greatest common factor of 176 and 22?
22
What is the highest common factor of 13228 and 4?
4
Calculate the highest common divisor of 2148 and 12.
12
Calculate the greatest common factor of 12 and 4512.
12
Calculate the greatest common factor of 1701 and 63.
63
Calculate the greatest common divisor of 112 and 98.
14
What is the greatest common factor of 1573 and 33?
11
Calculate the highest common divisor of 3228 and 204.
12
Calculate the highest common divisor of 26 and 143.
13
Calculate the highest common divisor of 25 and 85.
5
Calculate the highest common factor of 15180 and 528.
132
What is the greatest common factor of 47520 and 22?
22
Calculate the greatest common factor of 575 and 92.
23
Calculate the greatest common factor of 1887 and 51.
51
What is the greatest common divisor of 30 and 3966?
6
What is the highest common factor of 22 and 1782?
22
Calculate the greatest common divisor of 1875 and 975.
75
What is the greatest common divisor of 7289 and 37?
37
What is the highest common factor of 18 and 288?
18
What is the greatest common factor of 159 and 3?
3
Calculate the greatest common divisor of 27899 and 69.
23
What is the greatest common factor of 259 and 148?
37
What is the highest common factor of 125 and 6925?
25
What is the highest common divisor of 527 and 17?
17
Calculate the highest common divisor of 4402 and 62.
62
What is the greatest common divisor of 387 and 36?
9
Calculate the highest common divisor of 195 and 1665.
15
Calculate the greatest common factor of 26 and 117.
13
Calculate the greatest common divisor of 66 and 1166.
22
What is the greatest common factor of 33 and 297?
33
What is the greatest common divisor of 2378 and 58?
58
What is the highest common factor of 40 and 60?
20
Calculate the highest common factor of 220 and 110.
110
What is the highest common divisor of 27008 and 256?
128
Calculate the greatest common factor of 1469 and 13.
13
What is the greatest common factor of 90 and 920?
10
What is the greatest common divisor of 106 and 2862?
106
What is the greatest common factor of 808 and 24?
8
Calculate the highest common factor of 300 and 65.
5
What is the greatest common factor of 212 and 4?
4
What is the highest common divisor of 1384 and 256?
8
What is the greatest common divisor of 897 and 221?
13
Calculate the highest common factor of 345 and 105.
15
What is the greatest common divisor of 107 and 35417?
107
Calculate the greatest common factor of 126 and 21.
21
Calculate the highest common divisor of 4596 and 3.
3
Calculate the highest common factor of 147 and 2331.
21
What is the highest common factor of 1480 and 8?
8
What is the highest common factor of 703 and 19?
19
What is the highest common divisor of 3528 and 140?
28
Calculate the greatest common divisor of 91 and 56.
7
What is the highest common divisor of 371 and 7?
7
What is the greatest common divisor of 589 and 133?
19
What is the highest common divisor of 374 and 44?
22
Calculate the highest common factor of 152 and 19.
19
What is the highest common factor of 1858 and 14?
2
Calculate the highest common factor of 8512 and 28.
28
Calculate the highest common factor of 150 and 6330.
30
What is the greatest common factor of 56 and 140?
28
What is the highest common factor of 21 and 57?
3
Calculate the greatest common factor of 160 and 60.
20
What is the highest common factor of 39 and 195?
39
Calculate the greatest common factor of 30 and 51.
3
Calculate the greatest common factor of 65 and 2548.
13
What is the highest common factor of 250 and 10?
10
What is the highest common factor of 28 and 1932?
28
What is the highest common divisor of 710 and 60?
10
What is the greatest common factor of 132 and 11?
11
What is the highest common divisor of 693 and 495?
99
What is the greatest common divisor of 551 and 58?
29
Calculate the highest common divisor of 105 and 2121.
21
Calculate the highest common factor of 3111 and 153.
51
What is the highest common divisor of 187 and 34?
17
Calculate the highest common factor of 656 and 208.
16
What is the greatest common factor of 170 and 306?
34
What is the highest common divisor of 310 and 570?
10
What is the greatest common divisor of 168 and 84?
84
What is the greatest common factor of 2170 and 70?
70
What is the greatest common divisor of 1 and 32?
1
Calculate the highest common divisor of 12719 and 161.
161
What is the highest common divisor of 37 and 3811?
37
What is the highest common factor of 102 and 357?
51
What is the highest common divisor of 966 and 84?
42
Calculate the highest common divisor of 102 and 119.
17
Calculate the highest common divisor of 21312 and 96.
96
Calculate the greatest common factor of 3 and 29.
1
Calculate the grea